e -w*v - 551 = -2071. What are the prime factors of v?
2, 19
Let n = 126 + -126. Suppose 9*p - 12*p + 498 = n. List the prime factors of p.
2, 83
Suppose -2*v = -v. Suppose v = -a - 4, 2*a = -3*z - 0 + 1. Suppose -3*i - p + z*p + 25 = 0, -5*i + 35 = -2*p. What are the prime factors of i?
5
Let d(z) = 4*z - 3. Let r(y) = 4*y - 2. Let a(b) = 3*d(b) - 4*r(b). Suppose -2*h = 3 - 1. List the prime factors of a(h).
3
Let t(v) = 3*v - 3. Let w be t(2). Let h = -18 + 23. Suppose 80 = 4*l + 2*i, -h*i = -w*l + 4*l - 38. List the prime factors of l.
2, 3
Suppose -d + 8 = -2. Let f = d + -10. Let t = 18 - f. List the prime factors of t.
2, 3
Let d(w) = w**3 + 29*w**2 - 94*w - 33. What are the prime factors of d(-30)?
3, 17, 37
Let m = 880 + -658. List the prime factors of m.
2, 3, 37
Suppose -3*k = q - 629, 5*k + 2*q = -429 + 1476. Suppose -k = -6*t + 485. Let n = -66 + t. What are the prime factors of n?
2, 5
Let f be ((-171)/(-2) - 0) + 2/(-4). Suppose -3*b + f = -119. What are the prime factors of b?
2, 17
Suppose -12*t - 173 - 307 = 0. List the prime factors of (-1028)/(-5) - (216/t + 6).
5, 41
Suppose 0 = 5*v - 52 - 13. Suppose 4*f - v = -4*t - 1, 4*f - 8 = 0. Let r(x) = 22*x**3 - x**2 + x - 1. List the prime factors of r(t).
3, 7
Suppose 3*s - 7*s + 1136 = 0. Let z = s - 91. List the prime factors of z.
193
Suppose 5*v = 5*i - 510, 3*i - 403 = 4*v - 0*v. Let h = v + 159. List the prime factors of h.
2, 31
Let r = 20 + -14. Let s(j) = j**3 - 5*j**2 - 5*j - 5. Let c be s(r). What are the prime factors of (c - 7/3)*-30?
2, 5
Let t = 2948 - 1915. List the prime factors of t.
1033
Suppose 61 - 403 = -6*a. List the prime factors of a.
3, 19
Let k(y) = 7 - 12 - 10*y - 4*y + 39. What are the prime factors of k(-7)?
2, 3, 11
Suppose 1849 = 5*j - p - 131, -4*j + p + 1584 = 0. List the prime factors of j.
2, 3, 11
Suppose -8*y = 4*u - 3*y - 4680, 3*y = 0. What are the prime factors of u?
2, 3, 5, 13
Let s(w) = 51*w - 463. List the prime factors of s(45).
2, 229
Let l = -81 + 75. List the prime factors of 31 + l - 8 - (0 - 0).
17
Let t = -1110 + 1804. What are the prime factors of t?
2, 347
Suppose 202 = 3*t + 46. Let l = 74 - t. Let d = l - 0. What are the prime factors of d?
2, 11
Suppose -462 = -3*f - 2*l, 5*l - 387 = -2*f - 79. List the prime factors of f.
2, 7, 11
Let p(s) = -s + 13. Let l(n) = -n + 14. Let r(k) = 6*l(k) - 7*p(k). Let h be r(11). Suppose 5*c - 26 = h*u, -u + 36 - 11 = 4*c. List the prime factors of c.
2, 3
Let u = -51 + 217. List the prime factors of u.
2, 83
Let d(c) = 7*c**2 + 3*c - 4*c**3 + 5 - c - 4*c + 7. Let g(y) = -y**3 + y + 1. Let s(l) = -d(l) + 3*g(l). List the prime factors of s(7).
2, 13
Let f(o) = 4*o + 7*o**2 - 3*o**2 + 0 - 9 + 2. Let r be f(-4). Suppose -99 = -4*y + r. List the prime factors of y.
5, 7
Suppose -24*v = -19*v - 1360. List the prime factors of v.
2, 17
Let j(z) = 123*z**3 - 2*z**2 + 2*z + 1. Suppose -g - 7 = -8. What are the prime factors of j(g)?
2, 31
Let m = -322 - -322. Suppose u + 6 = 4*u. Suppose m = -u*v - 3*v + 325. List the prime factors of v.
5, 13
Let c = 1781 - 1271. What are the prime factors of c?
2, 3, 5, 17
Suppose 47600 = -28*o + 45*o. List the prime factors of o.
2, 5, 7
Let u(r) = 2*r + 27. Let p be u(-11). Suppose -p*h = -25, -3*s - 4*h = 38 - 139. What are the prime factors of s?
3
Suppose 8*g + 935 = 3*g - 5*w, -w = 5*g + 919. Suppose -2*k + d - 266 = 0, 2*d + 239 + 408 = -5*k. Let p = k - g. List the prime factors of p.
2, 13
Suppose -4*p - 598 + 5110 = 0. What are the prime factors of p?
2, 3, 47
Let m(a) = a**3 - 4*a**2 - 5*a + 10. List the prime factors of m(8).
2, 113
Let m = -247 - -778. What are the prime factors of m?
3, 59
Let j(q) = q**3 + 9*q**2 + 8*q - 9. Let n be j(-8). Let u(d) = 2*d**2 + 10*d - 24. What are the prime factors of u(n)?
2, 3
Suppose 220 = 4*a - 4*v, -5*a + 3*a = v - 110. Suppose s + 2 = a. Suppose 4*o = s + 27. List the prime factors of o.
2, 5
Suppose 212*k + 32 = 216*k. Let h(v) = 2*v**2 - 13*v + 22. List the prime factors of h(k).
2, 23
Suppose -1417 = -4*s + 3*s - 4*f, -5*f = 4*s - 5624. List the prime factors of s.
3, 467
Let m(s) = -2*s**3 + 5*s**2 + 3*s - 6. Let b be m(4). Let d = 75 - b. List the prime factors of d.
3, 13
Let i = 32 - 25. Suppose 0 = -i*k + 9*k - 56. What are the prime factors of k?
2, 7
Let b = -1137 + 1961. What are the prime factors of b?
2, 103
Suppose -15 = -3*x, -3*c - 4*x + 50 = -6*c. Let q(m) = -18*m - 27. List the prime factors of q(c).
3, 17
Let h(g) = 2*g**2 + 3*g + 269. List the prime factors of h(-21).
2, 17
Let h(g) be the third derivative of g**5/30 - g**4/3 - 2*g**3/3 - 9*g**2. What are the prime factors of h(7)?
2, 19
Let d = -2903 - -7454. What are the prime factors of d?
3, 37, 41
Let c = 2 + 0. Let o be c + (3 - (-1 + 1)). Suppose -o*u - 169 + 15 = -3*y, -u - 158 = -3*y. What are the prime factors of y?
53
Suppose 3*m + 1728 = -4*o + 20071, -4567 = -o + 3*m. List the prime factors of o.
2, 29, 79
Suppose -3*i + 4*b = -2*i - 8, -5*b = i - 8. Let l(d) = -d**3 + 10*d**2 - 4*d + 22. What are the prime factors of l(i)?
2, 59
Suppose -3*l + 649 = -i, -2*i + 422 = -2*l + 4*l. What are the prime factors of l?
5, 43
Let s(a) = -161*a - 28. What are the prime factors of s(-5)?
3, 7, 37
Let k = -72 + 75. Suppose 4*o - 268 = -2*r, -4*r - 137 = -5*r - k*o. List the prime factors of r.
2
Let j be (-23)/2*16/(-2). What are the prime factors of (2 + j/(-6))*-6?
2, 5
Let j = 4 - -6. Suppose -2*m = 5*h - 21, -3*m + 5 = -h - 8*m. Suppose 5*r = j, h*r + 43 = 3*l - 1. What are the prime factors of l?
2, 3
Let b be (-1 - -3)/((-20)/(-510)). Suppose 8*k + v = 4*k + b, -2*k - 2*v + 30 = 0. List the prime factors of k.
2, 3
Let p(t) = 78*t**2 - 6*t + 11. What are the prime factors of p(-5)?
11, 181
Let r = -268 + 366. What are the prime factors of r?
2, 7
Let f be (46*-1)/((-4)/8*-4). Suppose 5 = -2*m + 81. Let w = m - f. What are the prime factors of w?
61
Suppose 110 = 5*m - 65. Suppose 5*x - 4*j = 63 + 48, x = 4*j + m. Suppose x = 2*u - 19. What are the prime factors of u?
19
Suppose 2*z + 15513 = 3*d + 3411, -2*d + 4*z = -8076. List the prime factors of d.
2, 3, 7
Let h = 1061 + -359. List the prime factors of h.
2, 3, 13
Let s(a) = 173*a + 71. What are the prime factors of s(7)?
2, 641
Suppose -5*p = -f - 14664 - 12801, p - 5507 = 3*f. What are the prime factors of 4/22 + 3 + p/44?
2
List the prime factors of (108/10)/((-78)/(-2925)).
3, 5
Let b(n) = n**2 - 2*n. Let y be b(3). Suppose -3*q - y*j + 13 = -4*q, q + 13 = -4*j. Let f = 30 - q. List the prime factors of f.
43
Let s be 2/(-8) + 112/(-64). Let h(j) = -7*j**3 - j**2 + j + 1. What are the prime factors of h(s)?
3, 17
Suppose 77 = -5*v - z, 5*v = 3*z + 2*z - 65. Let h = -5 - v. Suppose 5*n - 10 = h. What are the prime factors of n?
2
Let n be 2/3 + (-214)/6. Let i = n + 37. What are the prime factors of i?
2
Let o(f) = -f**2 + 9*f - 1. Let n be o(9). Let h be -2 - 0 - (n - 3). List the prime factors of (-90)/(-12)*h/3.
5
Let f = 17 - 10. Suppose -3*m + f*m - 16 = 0. Suppose -4*a + m - 18 = -l, 2*l + 2*a = 78. List the prime factors of l.
2, 17
Let l = 42 + 29. Let g = -46 + l. List the prime factors of g.
5
Let v be 642/10 - (-4)/5. Suppose -4*t + 47 = -v. What are the prime factors of t?
2, 7
Let x(y) = 4*y**2 + 11*y + 22. Let r be x(-10). Suppose 3*j - 374 = -5*v - 153, 2*v + r = 4*j. What are the prime factors of j?
7, 11
Let c = 1804 - 854. List the prime factors of c.
2, 5, 19
Let y be 172*-4 - 0/(-3). Let q = -393 - y. List the prime factors of q.
5, 59
Let t(f) = 196*f + 14. Let g be t(3). Suppose 4*u = 730 + g. List the prime factors of u.
3, 37
Suppose -5*d = -4*x - 155, -2*d - 4*x - 93 = -5*d. Suppose -27*q - 64 = -d*q. What are the prime factors of q?
2
What are the prime factors of (5*2)/((-6)/(-2460)*5)?
2, 5, 41
Suppose 16 = 4*s, -37*j = -33*j - s - 12. Suppose 0 = -0*f - f + 6. List the prime factors of (f/(-4))/((-3)/j).
2
List the prime factors of 5517/2 + 0 - 360/720.
2, 7, 197
Let b = -1224 - -2981. List the prime factors of b.
7, 251
Suppose -2*m - 22 = 20. List the prime factors of 68/6 - 14/m.
2, 3
Suppose -454*x = -450*x - 3464. List the prime factors of x.
2, 433
Suppose -4*n - 229 + 1195 = -3*u, 5*n - 2*u - 1204 = 0. List the prime factors of n.
2, 3,